Let n be x(1). Let c(q) = -3*q + 3. Give c(n).
15
Let u = -38 - -35. Let y(o) = -4*o**2 - 3 - 1 + 2*o + 6*o**2. What is y(u)?
8
Let i(j) = -j - 6. Let d be i(-9). Let v(x) = -1 + 2*x**2 - 4 + 4 - x - x**d + 0. What is v(2)?
-3
Let d(t) = t - 10. Let m be d(6). Let z(c) = -2*c + 5. Let i(y) = y - 2. Let p(h) = -5*i(h) - 2*z(h). Give p(m).
4
Let r(f) = -f**2 - 4*f + 6. Suppose 4*i - 4*k = -20, 0 = 4*i + 5*k - 0 + 2. Let s = -4 + i. Let j be 33/s - (-2)/(-7). What is r(j)?
1
Suppose -3*t + 2*x - 23 = -0*x, 4*t + 4 = -4*x. Let d be 0 - 2*(t + 3). Let q(w) be the first derivative of -w**2/2 - w + 1. Give q(d).
-5
Let t(c) = c**2 - 8*c + 7. Let v be (60/(-35))/((-4)/14). Determine t(v).
-5
Let n(h) = h - 2. Suppose 9 = 2*u + 1. What is n(u)?
2
Let p(k) = -k**3 - 6*k**2 - k - 4. Let j be p(-6). Let f(d) = -d + 3 + j*d**2 - 1 + 3*d - 4*d. Calculate f(2).
6
Let f(q) = -2*q**3 - 2*q**2 - q - 7. Let w(y) = y**3 + y**2 + 4. Let h(m) = 3*f(m) + 5*w(m). Let s(l) = l**3 - 2*l**2 - 3*l - 2. Let k be s(3). Calculate h(k).
9
Suppose 6*b - b - 3*g = 30, 2 = 4*b + 2*g. Let h(o) = -o + 5. Let z be h(5). Let s(d) = z - 2 - 3*d + 4. Give s(b).
-7
Let u(h) = h**2 + 9*h - 4. Let q(g) = -6*g**2 - 46*g + 19. Let t(k) = 2*q(k) + 11*u(k). Give t(5).
4
Let o(d) be the first derivative of -d**3/3 + d**2/2 - 5. Determine o(3).
-6
Let m(l) = l**2 - 2*l + 3. Let q be m(4). Suppose -2*c = g - 6*g - 11, -4*g - 5*c + q = 0. Let b(k) = 12*k**3 + 1. Calculate b(g).
-11
Let v(h) = h**3 + h + 1. Let o(b) = -4*b**3 + 6*b**2 - 3*b - 4. Let j(c) = o(c) + 5*v(c). Calculate j(-5).
16
Suppose 0*k - 4 = 4*k, -2*k = -2*w + 12. Suppose -3*v = 4*s + w, s + v + 1 + 0 = 0. Let x be (-1)/1*(s - -5). Let i(g) = -2*g. Give i(x).
6
Suppose 1 = -2*b + 7. Let h = -5 + 8. Let l(y) = -h*y - 7 + 7*y + 3. Give l(b).
8
Suppose -26 + 2 = -8*f. Let s(h) = -h**3 + h**2 + 4*h + 1. What is s(f)?
-5
Let z(d) = 9*d**3 - 2*d + 1. Suppose 92 - 101 = -9*o. Determine z(o).
8
Let y(m) be the first derivative of -5*m**3/3 - m**2/2 + m + 43. Give y(2).
-21
Let w(m) = -m + m + 3*m - m. Give w(2).
4
Let c = 8 + -5. Suppose -n = c - 5. Let t(i) = 4*i**2 - 5*i**2 - 6 + n*i + 5*i. Give t(5).
4
Let w(z) = z**2 + 5*z + 5. Let q be w(-5). Let g = q + -2. Let m(d) = 2 + g*d - 2*d + d. What is m(2)?
6
Let a = 5 + -8. Let y(r) = -r - 4. Give y(a).
-1
Let j(m) be the third derivative of m**4/24 - 5*m**3/6 + m**2 + 2*m. Give j(0).
-5
Let q be 1 + (-5 - -4) - 4. Let c(y) = -2 - y**2 + 3 + y**3 - 3*y + 5*y**2. Give c(q).
13
Let c = -44 + 40. Let f(p) = -2*p + p + 1 - 6. Calculate f(c).
-1
Let m(w) = w - 1. Let r be (0 + 2)*6/4. Determine m(r).
2
Suppose 3*f = -f - 8. Let g = f - -4. Let x(o) = -g*o**2 + 4 + 7*o + 3*o**2 - o. Calculate x(-3).
-5
Let k = -10 - -3. Let j(s) = -s**3 - 8*s**2 - 10*s - 8. Determine j(k).
13
Let a = 2 + -2. Suppose -2*z - 1 - 9 = a. Let c(t) = -t**3 - 4*t**2 + 5*t + 6. Calculate c(z).
6
Let f = 72 + -70. Let b(q) be the first derivative of -q - 2 - 1/2*q**f. What is b(-3)?
2
Let v be (2 + -2 - -1)*4. Let r(p) = 5*p + 3 - v*p - 1. Calculate r(-3).
-1
Let g(l) be the first derivative of l**5/60 + l**3/3 - 1. Let s(n) be the third derivative of g(n). What is s(-3)?
-6
Let z(u) = u - 5. Let l(i) = 1. Let a(b) = l(b) + z(b). Suppose -4*o + m + 19 = 0, -2*m + 9 = 5*o - 5. Calculate a(o).
0
Suppose 4*v = 3*h - 6*h + 13, v + 11 = 4*h. Suppose v = x + 4. Let u = x + 1. Let n(g) = 2*g**2 + 3*g. Determine n(u).
2
Let i(k) = -k**2 - k. Suppose 4*r = -0*r + 100. Suppose -2*b - 3*b = -r. Suppose -4*u = b*h + 24 - 2, 4*u + 2*h + 16 = 0. What is i(u)?
-6
Suppose 11 = -5*t - 4. Let n(x) = x**3 + 3*x**2 + 2*x + 3. Determine n(t).
-3
Suppose 5 = 3*s - 4. Let b(n) = 3 + 2*n + 0*n - s*n + 6*n. What is b(-2)?
-7
Let l(k) = -k**3 - k. Let u be l(0). Suppose 0*o - 4*o - 20 = u. Let a(d) = 2*d - 3*d - 3 + 0*d. Calculate a(o).
2
Let v(b) = -b**3 - 5*b + 52*b**2 - 93*b**2 + 46*b**2. Determine v(5).
-25
Let y(r) be the second derivative of r**8/6720 - r**7/2520 + r**6/180 - r**5/40 + r**4/12 + 3*r. Let m(b) be the third derivative of y(b). Determine m(2).
9
Let g(x) = x**3 - 5*x**2 - 6. Let l(n) = -3*n**3 + 14*n**2 + 18. Let u(c) = -17*g(c) - 6*l(c). What is u(0)?
-6
Let o(s) = -4*s + s**2 + 3*s - 4*s**2. Let l(w) = 7*w**2 + 2*w + 1. Let v(i) = 2*l(i) + 5*o(i). Suppose -5*y - 5*f - 20 = 0, 8*y - 3*y + 6 = 2*f. What is v(y)?
0
Suppose -2 = 2*d + 6. Let g(j) = -j**3 - 5*j**2 - 2*j. Give g(d).
-8
Let g(u) = u**3 + 5*u**2 + 4*u + 2. Let x = -9 + 6. Determine g(x).
8
Let y(n) = -n**3 + 6*n**2 - 6*n + 7. Let g = 12 + -8. Suppose f - g*f = x - 14, -2*f - 4*x + 6 = 0. What is y(f)?
2
Suppose -3*o - 2*z + 22 = 0, -3*z - 7 - 17 = -5*o. Let j(s) = s**2 - 6*s - 8. What is j(o)?
-8
Suppose -2 = -3*o - 5*z - 14, -z - 4 = o. Suppose -3*b + 14 = -x, -5*b - 4*x - 4 - 1 = 0. Let g(p) = -b + p + 0 - 2 - 3*p. Determine g(o).
3
Let m(c) = -9 - 11*c**2 + c**2 + 19*c - 6*c + 9*c**3. Let i(t) = -4*t**3 + 5*t**2 - 6*t + 4. Let f(a) = -7*i(a) - 3*m(a). Give f(2).
-7
Let a(y) = -2*y - 3. Suppose -5*n = -4*v - 10*n - 6, -2*n = -4. What is a(v)?
5
Let s(l) = -5*l**2 + 10*l - 1. Let j(n) = 6*n**2 - 11*n. Let d(f) = -4*j(f) - 5*s(f). Calculate d(4).
-3
Let h(j) = j + 1. Let f(p) = -p - 4. Let v(y) = f(y) - h(y). Let t(o) = -6*o - 16. Let m be (-1 + 10)/(-1) + -1. Let k(z) = m*v(z) + 3*t(z). Calculate k(-3).
-4
Let w(z) be the first derivative of -z**3/3 - 2*z**2 - z - 8. Determine w(-3).
2
Let y(j) = -3*j**2 + 10*j + 7. Let z(l) = 5*l**2 + l - 1. Let g be z(1). Let x(n) = -n**2 + 5*n + 4. Let f(r) = g*x(r) - 2*y(r). What is f(-5)?
6
Let t(p) = 4*p**2 - 3*p**2 + 3*p**2 - 3*p**2 + 3. What is t(3)?
12
Let s = 79 + -79. Let r(l) = -l + 16. Give r(s).
16
Let m(r) = 6*r**2 + r. Let q be (-10)/(-14) + (-1 - (-27)/21). Determine m(q).
7
Let o(d) be the third derivative of d**6/30 + d**4/24 - d**3/6 - d**2. Let a(g) = -g + 7. Let q be a(5). Let n = q - 1. Calculate o(n).
4
Suppose r = 4*r - 24. Let v(b) = r*b**2 - 3*b**2 + 1 + b**2 + 2*b. Let z(q) = -2*q**2 + 2*q - 1. Let p be z(1). What is v(p)?
5
Let m = 0 - -2. Let g be m/(-8) - (-18)/8. Let j(b) = -2 - g + b - b**2 + 2*b**2. Determine j(-4).
8
Let n(y) = y**2 - 9*y + 6. Suppose -2*f + 7*f + 11 = 2*q, 2*q - 4 = -2*f. Let o(t) = t. Let s(b) = f*n(b) - 3*o(b). Give s(5).
-1
Suppose -5*o + 2*t = 48, -o + 4*t = 7 + 17. Let a(m) = -2*m - 10. What is a(o)?
6
Let g(k) be the second derivative of k**3/3 + k**2 + 4*k. Determine g(-4).
-6
Let i(d) be the third derivative of -d**5/60 + 4*d**3/3 - 12*d**2. Calculate i(0).
8
Let k(s) = -s**2 - 9*s + 5. Let o be k(-7). Let h(n) = 21*n + 1 + 5 - o*n. Suppose 0 = 4*b + 16 + 8. Give h(b).
-6
Suppose 2*w - 2 - 6 = 0. Let q(c) = -3*c**2 - 4*c + 5. Let n(u) = 4*u**2 + 4*u - 6. Let d(r) = 4*n(r) + 5*q(r). Determine d(w).
1
Let l(g) = -g - 11. Suppose -4*z + 5*q = -30, -10 = q + 4*q. Suppose y - z*p + 15 = 0, -4*y - 16 + 0 = 2*p. Give l(y).
-6
Let i(l) = l**3 - l**2 - 2*l + 2. Let n be 9 + (-2)/(-1 - 1). Let y be 13/5 - (-4)/n. Suppose 4*p + 7 = u - p, 3*p = -y*u + 3. Calculate i(u).
2
Let o(d) = d**2 - 5*d + 0*d**2 - 4 + d + d. Let h be o(4). Let s(j) = -4 + 0*j**2 + 3*j**3 - j**2 - 4*j**3. What is s(h)?
-4
Suppose 3*g = -0 + 3. Let l(b) = 3*b**2 - 5*b + 2. Let s(h) = -2*h**2 + 3*h - 1. Let d(z) = -3*l(z) - 5*s(z). Calculate d(g).
0
Suppose -2*r + 14 = -2*d - 3*r, 0 = 3*d - 2*r + 14. Let m(k) = -7*k**3 + k + 8. Let i(b) = -6*b**3 - b**2 + b + 7. Let x(q) = -6*i(q) + 5*m(q). Calculate x(d).
4
Let v = 16 + -7. Let p(d) = -d**2 + 7*d + 11. Determine p(v).
-7
Let o(s) = s**2 + 10*s - 15. Let x be o(-11). Let v(q) = -q + 1. Calculate v(x).
5
Let i(a) be the second derivative of -a**2 + 0 - 2/3*a**3 - a. Suppose x - 1 + 3 = 0. Determine i(x).
6
Let d(z) = 3*z**2 + 5*z + 4. Let i be d(-2). Let c(q) = q**2 - 4*q + 3. What is c(i)?
15
Let u = 9 + -9. Let g(j) = -j**2 - 1. Give g(u).
-1
Let t(f) = f - 10. Let p be t(12). Let h(r) be the first derivative of -p + 2*r + 2/3*r**3 - 3/2*r**2. What is h(2)?
4
Suppose 0 = n - 4*h - 5, -2*n - 3*n + 1 = 4*h. Let d(k) = -7*k - 1. Calculate d(n).
-8
Let v(l) be the first derivative of -1/3*l**3 - 7 - 3*l - 3*l**2. Give v(-6).
-3
Let f(j) be the first derivative of -1/4*j**4 + 5/3*j**3 + 4*j - 5 + 0*j**2. Calculate f(5).
4
Let t(y) = y**2 + y - 1. Let x(r) = 